 l = -8 + 11. Suppose -i - 3*r = 11, 0 = -2*i - l*i - r + 1. Let t(w) = w - w**2 - w - 2*w - i. Give t(-3).
-4
Let t(i) = -i**3 - 6*i**2 + 2*i - 1. Suppose -666 = -10*p - 726. Calculate t(p).
-13
Let b(u) = -u**2 - 3*u - 2. Let h be b(-3). Let c be (-6)/2 - (12 - 13). Let z be (c/6)/(h/6). Let y(r) = -5*r**3 + r**2. What is y(z)?
-4
Let b(z) = z**2 + 1. Let g be b(-1). Suppose r = g, -4*h = -2*h - 3*r. Let i(q) = -q**h + 5*q + 3*q**2 - 4*q - q + 5*q + 1. What is i(4)?
5
Let l(z) = 3*z**2 - 3*z - 3. Let r = -83 + 88. Let d(o) = 4*o**2 - 3*o - 4. Let t(m) = r*l(m) - 4*d(m). Calculate t(-5).
-9
Let a be ((-3)/(-4) + 21/(-84))*-2. Suppose 15 = v - 5*b, 2*b + 3 = 4*v - 3. Let r(i) = -6*i**3 + i**3 + i**2 + v - 1. Determine r(a).
5
Let z = -116 - -122. Suppose 3*k = -6 + z. Let c(u) = u**3 + u**2 + u. What is c(k)?
0
Let k be (-242)/(-44) + 1/(-2). Suppose 0 = k*m - 63 - 7. Let g(t) = 3 - t + m + 0*t. Determine g(7).
10
Let m(a) = 5*a**2 + 44*a + 8. Let b be m(-8). Let l(c) = -c**2 - 24*c + 2. Calculate l(b).
2
Let a(h) = 2*h + 5*h + 5*h**2 + 0*h**2 + 63 - 58 - h**2 + h**3. What is a(-4)?
-23
Let q(t) = 2*t**2 - 7*t - 12. Let j(a) = a**2 - 6*a - 9. Let r(n) = 5*j(n) - 4*q(n). Give r(2).
-13
Let u(t) = 9*t**3 - 6*t**2 - 10*t - 2. Let w(i) = -5*i**3 + 3*i**2 + 6*i + 1. Let d(k) = -4*u(k) - 7*w(k). What is d(1)?
1
Let m(v) = 8*v - 10. Let r(p) = -33*p + 35. Let f(h) = 9*m(h) + 2*r(h). What is f(3)?
-2
Let j(h) = h**2 - 22*h + 32. Let v(c) = 7*c - 8. Let w(i) = 2*j(i) + 7*v(i). Give w(-2).
6
Let c(o) = o**3 - 7*o**2 + o + 6. Suppose -8*r + 4*r = k - 11, -r - 34 = -5*k. Determine c(k).
13
Let d = 3573 + -3575. Let x(l) = 5*l + 1. Let w(s) = s - 1. Let p(j) = 3*w(j) + x(j). Determine p(d).
-18
Let n(a) = a**3 + 5*a**2 - 5*a + 4. Suppose 41 = 7*c - 169. Suppose 26*k = 21*k - c. What is n(k)?
-2
Let c(y) = -y**3 + 4*y + 1. Let v be 51/(-187)*198/(-27). Determine c(v).
1
Let w(o) = 3*o - 3. Suppose 4*b = 5*r + 21, -7*b + 3*r + 19 = -3*b. Determine w(b).
9
Let w(m) = 94*m - 49*m - 47*m + 4 + 4. Determine w(10).
-12
Let m(u) = -4*u - 11. Let v be m(-4). Let r(c) = c**2 + c - 1. Let p(z) = 6*z**2 - z - 4. Let j(b) = -p(b) + 5*r(b). Determine j(v).
4
Let r(c) = -c**3 + 2*c**2 + 8*c + 9. Suppose 24*t + 2730 = 2850. Calculate r(t).
-26
Let z(y) = y**3 - 8*y**2 - 9*y - 2. Let x be z(9). Let b be 92/(-15) + x/(-15). Let i(p) = p**2 + 8*p + 7. Give i(b).
-5
Suppose 26 - 130 = 26*y. Let j(u) = 11*u - 7. Give j(y).
-51
Let r(l) be the third derivative of -l**6/120 + l**5/10 + 5*l**4/24 - l**3/6 + 5*l**2 + 11. Determine r(7).
-15
Let o be -1 + 2/(-1) - (-4 + -12). Let p(r) = -3*r**2 + 5*r**2 + 15*r - 1 - 4*r - o*r. Suppose -4*u + 13 = u + 3*j, 3*u = 2*j + 4. What is p(u)?
3
Let q(f) be the third derivative of -f**7/5040 + 23*f**6/720 + 11*f**5/30 - 26*f**2. Let b(y) be the third derivative of q(y). Calculate b(0).
23
Let w be 42/18 + (-20)/(-12). Let t(l) = -l**2 + 2*l - 1. Give t(w).
-9
Suppose 3*g + 6 = 4*g. Let i(u) = 4*u**3 - 2*u**2 + 1. Let p be i(-1). Let y = p + g. Let h(w) = 10*w + 1. Determine h(y).
11
Let a(b) = 6*b + 6. Let z(t) = -t - 1. Let s(g) = -2*a(g) - 11*z(g). What is s(-4)?
3
Let t(x) = -7*x**3 + 6*x - 1. Let j(z) be the third derivative of -z**6/20 + z**5/60 + 5*z**4/24 - z**3/6 - 7*z**2. Let r(s) = -6*j(s) + 5*t(s). Give r(6).
1
Suppose 0*y = -5*y + 10. Let g(p) be the second derivative of -1/2*p**2 + 0 + 1/2*p**3 - 1/6*p**4 - 26*p. Determine g(y).
-3
Let c(w) = -9*w**2 - 2*w + 1. Let r(l) = l**3 + 4*l**2 - 5*l + 3. Let g be r(-5). Suppose -g*p - 2 - 7 = 0, 4*u - 51 = 5*p. Let y = 10 - u. What is c(y)?
-10
Let z(f) = -5*f. Let t(w) be the first derivative of 35*w**2/2 - 4. Let o(n) = 3*t(n) + 20*z(n). What is o(1)?
5
Let r(v) = -7*v**2 + 8*v - 1 - 4 - 4452*v**3 + 4451*v**3. Determine r(-8).
-5
Let d(s) = 0*s**3 - 9*s**3 - 2*s**2 + s + 6*s**3. Calculate d(1).
-4
Suppose -2*z - 4 = -4*z. Let t(i) = -4 + i**z + 2 + 0*i - 4*i. Calculate t(-3).
19
Let k(p) = 5*p + 1. Let x(g) = 10*g + 1. Let s(q) = 9*k(q) - 4*x(q). Calculate s(3).
20
Suppose -2*w = -o + 1, -o + 5 = w + 1. Let s = w + 3. Let u(p) be the third derivative of p**4/24 - p**3 - 8*p**2. What is u(s)?
-2
Let b(r) = -r + 14. Let s(f) = 3*f - 36. Let k(d) = 5*b(d) + 2*s(d). Let z be -2*1 + (2 - 0). Give k(z).
-2
Let w(n) = n**2 + 14*n - 3. Let a be w(-11). Let u be (3 + a/10)*5. Let g be 8/6*u - -1. Let k(f) = -f**3 - 3*f**2 - 5*f - 4. Determine k(g).
11
Let c = -14 + 22. Let d(q) = 0*q - 14 + 0*q**3 - 9*q**3 - q + c*q**3. Determine d(0).
-14
Let s = 3 + -1. Let d be 2 + 5/(1 + 4). Let u(r) = 0 + d*r + 0*r**2 + s + 3 + r**2. Determine u(-4).
9
Let s be -4 + 4 + -2 + 6. Let t = -7 + s. Let m(h) = -3*h**2 - 5*h - 2. Let o(y) = 4*y**2 + 6*y + 2. Let j(g) = 3*m(g) + 2*o(g). Determine j(t).
-2
Let p(b) = -9*b + 3. Let y(q) = -40*q + 14. Let i(n) = -9*p(n) + 2*y(n). Calculate i(2).
3
Let r(g) be the third derivative of g**5/60 - g**4/24 + 5*g**3/6 - 2*g**2. Suppose d = 4*s - 1, 4*d + 4 = -0*d. Let l be (0/2)/1*(1 - s). What is r(l)?
5
Let d(c) be the third derivative of 5*c**4/24 + c**3/3 + c**2 + 9*c. Determine d(3).
17
Let l(b) = 6*b - 3*b - 15928 + 15919. What is l(0)?
-9
Let u(v) = -2670*v + 2651*v - 22 + v**2 - 14. What is u(21)?
6
Let o(c) = 6*c**2 + 12*c + 2. Let s(r) = 5*r**2 + 11*r + 1. Let t(b) = 4*o(b) - 5*s(b). What is t(-7)?
3
Let i(l) = 3*l - 2. Let a be 0 - (28 + 1 + -1). Let r = a - -7. Let u = r + 25. Calculate i(u).
10
Let s(z) = z - 1. Let g(x) = 5*x**3 - 4*x**2 - 2*x + 5. Let l(m) = -g(m) - 4*s(m). Let d be l(1). Let a(h) = -h**3 - 5*h**2 + h - 1. Determine a(d).
-21
Let v be 0/(-1*(-2 + 4)). Let a be v + 2*9/3. Let r(y) = -y**2 + 1 - 9*y - y + a*y. Calculate r(-5).
-4
Suppose -17 = 5*y - 2. Let u(g) = -2*g - 1 - g + 4*g. Let a(b) = -5*b + 2. Let z(s) = a(s) + 6*u(s). Calculate z(y).
-7
Let i(b) = -2*b + 2. Let p(m) = m + 5. Let j(s) = -s - 6. Let f be j(-6). Suppose f = -t - 3*r + 5*r - 13, 2*r = -5*t - 5. Let a be p(t). Determine i(a).
-2
Let f(c) = -3*c - 8. Let u(r) = 2*r + 7. Let m(d) = -3*f(d) - 4*u(d). Give m(2).
-2
Let n(p) = 17*p + 0*p**2 - p**2 - 35*p + 26*p - 2. What is n(6)?
10
Let h(j) = 6*j. Let q(b) = 58*b + 12. Let n(a) = 20*h(a) - 2*q(a). Determine n(7).
4
Let y be (1/3)/(5/(-15)). Let c(q) = 1 + 68*q + 85*q - 152*q - 8*q**2. Determine c(y).
-8
Let q(a) = -a**3 - 5*a**2 + 5*a - 4. Suppose -27 + 30 = -3*f. Let v be (-8 - f)*(-24)/(-28). Give q(v).
2
Let c = 8 - 3. Suppose -8 = -3*v + c*v. Let q(z) = z**2 + 5*z - 4. Let n(m) = 2*m**2 + 10*m - 8. Let b(i) = 6*n(i) - 11*q(i). Determine b(v).
-8
Let x be (-3)/(-5) - (-51)/15. Let o(r) = -9*r + 0 - 1 - x*r + 2. What is o(1)?
-12
Let a = -1364 - -1367. Let s(h) = h - 7. What is s(a)?
-4
Let o(f) = -18*f + 124. Let l be o(7). Let r(g) = g**3 - g. Give r(l).
-6
Let d(a) be the third derivative of a**4/6 + 5*a**3/3 + 27*a**2. Give d(-7).
-18
Let b(x) be the third derivative of -16*x**2 + 0 + 0*x**3 + 1/60*x**5 + 0*x - 1/6*x**4. Calculate b(5).
5
Let y(a) = 3*a**3 + a**2 - a - 2. Suppose -5*j + 9 = -3*d, -d + 2*j = 33 - 29. What is y(d)?
24
Let u(v) = v**3 + 6*v**2 + 1. Let s be u(-6). Let d(z) = 7*z**3 - 9*z**2 + 8*z - 1. Let w(f) = -f**3 + f**2 - f. Let r(j) = s*d(j) + 5*w(j). Determine r(2).
5
Let u(v) = v + 1. Suppose 0 = -4*g + 49 - 9. Suppose -2*f = -0*f - g. Let h(n) = 4*n + 17. Let c(y) = f*u(y) - h(y). Give c(0).
-12
Let b(x) = 11*x + 5. Let i be b(2). Suppose -24 = -v - i. Let p(h) = -h**3 - 3*h**2 + 3*h. What is p(v)?
-9
Suppose -63 - 13 = -4*u. Suppose u = 3*i - c, 3*i = -i + 3*c + 32. Let m(s) = -2*s + 3. Determine m(i).
-7
Let n(a) = 3*a + 4*a - 23 - 46 + 108. Give n(-6).
-3
Suppose 0 = 20*s + 153 - 73. Let n(a) = -a**3 - 5*a**2 - 6*a - 5. Determine n(s).
3
Let o(c) = 4*c**2 + c + 1. Let k be 10/3 + 1/(-3). Suppose 4*m + k*n = 4 - 0, -3*n + 1 = m. Let x be o(m). Let v(b) = -2*b - 3. Determine v(x).
-15
Let q(m) = -16*m**2 - 59*m + 33. Let g(v) = 9*v**2 + 29*v - 17. Let c(l) = -11*g(l) - 6*q(l). What is c(11)?
11
Let h(c) = -c**3 + 6*c**2 + 37*c + 34. Let b be h(10). Let u(d) = -d**2 + 4*d - 7. Let l(j) = -2*j**2 + 8*j - 15. Let a(p) = 2*l(p) - 5*u(p). Calculate a(b).
5
Let l(z) = -z**3 - 6*z**2 - 6*z + 6. Let c be l(-5). Let w(k) = k - c + 5 + 3 + 4. Let o = 3 - 7. What is w(o)?
-3
Let m(v) = 2*v**3 + v - 7*